).
-6
Let l(c) = -2*c + 1 - 2*c**2 + 2*c + 3*c**2 + c. Let o = -8 + 5. Let q(d) = d**2 + 4*d + 2. Let z be q(o). What is l(z)?
1
Let b(c) = 6*c. Let u(o) = -5*o. Let q be 6/(-2)*(-8)/6. Let f(t) = q*u(t) + 3*b(t). Calculate f(-2).
4
Let v be (-3)/(-2)*(-28)/288*-4. Let c(s) be the second derivative of -2*s**2 - v*s**4 - s**3 - 5*s + 0 - 1/20*s**5. Give c(-6).
-4
Let l(c) = 4*c**2 + 2*c. Suppose -3*j - 3*k - 15 = -0*j, -3*j = -5*k - 9. Give l(j).
12
Suppose -3*w - 9 = -3*h, 0*h - 2*w - 2 = -4*h. Let z(m) be the third derivative of m**4/12 + 2*m**2. What is z(h)?
-4
Let i(j) = -j**3 - 5*j**2 + j - 3. Suppose -16 = 2*g + 2*g. Let v be 44/(-8) + (-2)/g. Give i(v).
-8
Suppose -5*p + 39 = -2*p. Suppose -h - p = 3*b, -2*b - 3*h = -5*h + 14. Let v(y) = -2*y - 1. Calculate v(b).
9
Suppose 2*u - 5 + 1 = 0. Let b(k) = 25*k - 21*k + u + 1 - 4. Let y(v) = -v**3 - 4*v**2 - 4*v - 2. Let w be y(-3). Calculate b(w).
3
Suppose -2*j = 3*j. Let k be (-2)/(-7) - (-16)/(-7). Let h be (0/1)/(j + k). Let x(p) = p**2 + 4. Give x(h).
4
Let r = 8 - 4. Let b = r - 6. Let s be (0 + b)*(-2)/4. Let f(z) = -z**3 - z**2 + 1. Determine f(s).
-1
Let y(p) = -6*p**2 - p + 1. Suppose 1 = 5*u - 9. Suppose -h = -u*h + 1. Determine y(h).
-6
Let d(y) = 2*y - 9. Let m(u) = u - 4. Let h(k) = -6*d(k) + 13*m(k). Give h(-6).
-4
Let x(d) = 4 - 2*d + 6 + d. Let n be x(8). Let r(q) = 0*q + n*q + 2 + 0. What is r(-2)?
-2
Suppose 0 = 4*d + 10 + 14. Let b(g) = -g - 8. Determine b(d).
-2
Suppose 1 - 3 = -k. Let l(n) = n - 1. Let m(i) = 4. Suppose 5*y + 7 = -18. Let r(g) = y*l(g) - m(g). What is r(k)?
-9
Let d(w) = -w - 1. Let k(j) = -j + 9. Suppose -3*a - 9 = -g, 2*a = 4*a. Let y be k(g). Suppose y = z - o - 5, 0 = 2*z - 3*z + 4*o + 14. Give d(z).
-3
Let l(w) = 4*w**2 - 2*w**2 + 26*w**3 + 44 - 22*w**3 - 45. Determine l(-1).
-3
Let t(z) = -z**3 + 5*z**2 - 2. Suppose 0 = 5*v - j - 2, j + 3*j + 8 = -3*v. Suppose v*f = 2*f - 32. Suppose 3*u + a - 18 = 0, u = -5*a + 4 + f. Determine t(u).
-2
Let r = -22 - -12. Let t be (-12)/r - 2/10. Let s(j) = j + t - 3 - 2*j**2 - 6*j. Calculate s(-3).
-5
Suppose -l + 3 = -2*l. Let y(j) = -24 + 14 - j**3 - 2*j - 3*j**2 + 7. Give y(l).
3
Let i(a) = a**3 + 8*a**2 + 3*a + 1. Let h(x) = x + 1. Let n(j) = -3*h(j) + i(j). What is n(-8)?
-2
Suppose -5*u = -3*a + 14 + 12, 3*a + 14 = -5*u. Let s(i) = -7*i + 5. Let j(k) = 3*k - 3. Let r(c) = u*s(c) - 9*j(c). Let z = 0 - 0. What is r(z)?
7
Let k = -60 - -66. Let q(u) = u - 5. Give q(k).
1
Let x(w) = w**3 - 4*w**2 - 3*w - 3. Let s = 6 + 0. Let r = -1 + s. Give x(r).
7
Let w(z) = -z**2 - 4*z + 8. Let i(o) = -o**3 - 2*o**2 - 3*o - 3. Let j be i(-2). Suppose -10 = j*m + 8. Calculate w(m).
-4
Let i(x) = x**2 + 10*x + 6. Suppose 32 = b - 5*b. Calculate i(b).
-10
Let f = 10 + -2. Suppose f = 3*k + 2. Let m(a) be the second derivative of -a**3/2 - 2*a. Determine m(k).
-6
Let l(h) = h**3 + 2*h**2 + h + 4. Let u be (2 - 0/1) + 0. Suppose 2*k + u*b = 6*b + 24, -3*k - 4 = 4*b. Suppose -a = -k + 7. Determine l(a).
-8
Let v(x) = -5*x**2 + 5 + x + x + 0 - x**3 + 4*x. What is v(-6)?
5
Suppose 0 = 68*x - 69*x + 2. Let n(g) = 3*g**2 - 2*g - 2. What is n(x)?
6
Suppose 0*g - 4*g + 12 = 0. Suppose 2*d - g = 1. Let c(z) = z**2 + 3*z - 1. Give c(d).
9
Let r(s) = -1 - 2*s + 9 + 3*s + 6. Let h(d) = 3. Let l(t) = 12*h(t) - 3*r(t). Let m be (1/(-2))/((-1)/(-10)). Give l(m).
9
Suppose -5*b + 2 = -13. Let y(q) be the second derivative of -q**6/720 - q**5/40 + q**4/12 - q. Let m(l) be the third derivative of y(l). What is m(b)?
-6
Let j(q) be the first derivative of -q**3/3 + 2*q**2 + 5*q - 25. Let f be 1/(-1)*(-4 + -1). Give j(f).
0
Let p(t) = -t**2 - 2*t - 4. Let r(m) = m. Let x(o) = p(o) - 4*r(o). Calculate x(-6).
-4
Let v(m) = -m**2 + 5. Let j(i) = i**3 - 4*i**2 - 4*i - 2. Let k be j(5). Suppose 4*q - k*y - 1 = -4, 1 = y. Determine v(q).
5
Let c(h) = -5*h**3 - h**2 + h. Suppose 0*y - 2*y = -4*p - 2, -4*p - 4 = -4*y. What is c(y)?
-5
Suppose 5*f - 20 = -2*x + 7*x, 2*f = -4*x + 2. Let a(y) = 2*y + y - 2*y - f*y**2 + 4*y - y**3. Give a(-4).
-4
Let j(l) be the second derivative of l**3/3 + l**2 - 13*l. Calculate j(-6).
-10
Let n(s) = s + 1. Let p(r) = -r - 2. Let v(o) = -4*n(o) - 5*p(o). Let j be v(-6). Let f(d) = d**3 - d**2 - 6. Determine f(j).
-6
Let l(y) = -2*y - 1. Let h(b) = 9*b + 4. Let a(f) = -h(f) - 6*l(f). Determine a(-2).
-4
Let n = -7 - -13. Let d(j) = j**3 - 5*j**2 - 4*j - 3. Determine d(n).
9
Let t(z) = -z**2 + 2. Let j(y) = -3*y + 2. Let v be j(-4). Suppose -v + 2 = -4*m. Let w be m/(1 + 10/(-4)). Give t(w).
-2
Let n(u) = 3*u + 3. Let l(i) = 4*i + 2. Let y be l(-1). What is n(y)?
-3
Let f(c) be the second derivative of 0 - 1/2*c**2 + 1/6*c**3 - 3*c. Give f(5).
4
Let s(w) = -w**3 + 5*w**2 + w - 2. Let z = -24 + 29. Give s(z).
3
Let u(p) be the first derivative of -2*p**3/3 - p**2/2 - p - 1. Let j be 3 - ((0 - 1) + 2). Suppose 0*g - 2*g = j. Give u(g).
-2
Let z(x) = 3*x**2 - 5*x + 5. Let m(g) = 2*g**2 - 2*g + 3. Let h(k) = -5*m(k) + 3*z(k). Determine h(-5).
0
Let z(i) = 3*i - 4. Let f be (-1)/(10/(-3) - -3). Calculate z(f).
5
Suppose -9 = -0*f - 3*f. Suppose 0 = f*k + 10 + 2. Let g(z) be the first derivative of -z**4/4 - z**3 + 3*z**2/2 - z - 1. What is g(k)?
3
Let i(f) be the first derivative of -f**3/3 + 2*f**2 - 4*f + 4. Let j(c) = c**3 - 5*c**2 + 2*c - 6. Let s be j(5). Determine i(s).
-4
Let y(t) = -20*t + 2. Let q = -2 + 19. Let z(x) = -7*x + 1. Let h(a) = q*z(a) - 6*y(a). Determine h(-5).
0
Let x(q) = -3*q**2 + 1. Suppose 3*g - 5*j = 32, -2*j - 3 - 1 = g. Let o(b) = -b**2 + 3*b + 4. Let d be o(g). Suppose -2 = -2*p - d*p. Calculate x(p).
-2
Let j(n) be the third derivative of n**5/60 + n**4/6 + 2*n**3/3 - 8*n**2. Calculate j(-3).
1
Let n(h) = -h**2 + h - 14. Suppose 0 = 4*b - 3*b + 4*b. Determine n(b).
-14
Let k(g) = 2*g + 2. Let z be k(1). Let f(y) = z - 3 - 5 - y - 3. What is f(-5)?
-2
Let c(i) = -3*i**2 - 2*i + 2. Let y(h) = 6*h + 8*h - 4*h - 5*h - 4 + 7*h**2. Let r(b) = -5*c(b) - 2*y(b). Give r(0).
-2
Let s = 5 + -2. Let c(o) = 0*o**2 - o**s + 2 - o**2 - 1. What is c(-1)?
1
Suppose 6 = w - 0*n - 4*n, n = 5*w - 11. Let p(i) = 4*i - w*i - 5 - i. Determine p(6).
1
Let f(a) = a**2 + 1. Let l(i) = -6*i**2 - 6*i - 11. Let y(n) = -5*f(n) - l(n). Determine y(-6).
6
Let l(d) = -4*d - 8. Let c(g) = -g + 1. Let u be c(7). Determine l(u).
16
Let p(f) = 1 - 2 + 3. Let c(q) = 1. Let j(o) = 3*c(o) - p(o). Let r(w) = w**3 + 5*w**2 + 4*w + 1. Let g(h) = 4*j(h) - r(h). Calculate g(-4).
3
Let c(x) = 5*x + 1. Let b = 12 + -9. Suppose 3 = -b*v - 0. Calculate c(v).
-4
Let z(v) = v**3 - 3*v**2 - v - 1. Let x = -16 + 19. Calculate z(x).
-4
Let p(v) = 2*v**2 - v. Let d be p(1). Let m(x) = x + 1. Let k(y) = -3*y - 6. Let i(a) = d*k(a) + 4*m(a). Let c = 46 - 51. Determine i(c).
-7
Suppose 8*b + 8 = 4*b. Suppose 0 = 3*i - i - 2. Let u(o) = i - 3 + 0 - 2*o - 3*o**2. What is u(b)?
-10
Let x(o) = -o**3 + 5*o**2 - 4*o + 1. Let i be -9*(4 + 52/(-12)). Determine x(i).
7
Let x(q) = 2*q**3 - 4*q**2 + 4*q - 3. Suppose -2 = -b - 0. Give x(b).
5
Let h = -35 + 39. Let w(b) be the first derivative of 0*b**3 + 0*b**2 + b - 2 - 7/4*b**h. What is w(1)?
-6
Let d(u) = -3*u + 9. Let b(o) = -6*o + 18. Let c(x) = 2*b(x) - 5*d(x). Determine c(6).
9
Suppose 5*p - 12 = 4*a, 4*p = 3*p + 2*a. Let m be p*3*(-3)/(-36). Suppose -l - m = -6. Let d(o) = o**3 - 4*o**2 - 5*o + 4. What is d(l)?
4
Suppose 6 + 18 = -4*u - 2*w, 16 = -5*u + w. Let g(o) = o**2 + 4*o - 5. Give g(u).
-5
Let a(v) = 29*v**2 + v**3 - 1 - 87*v**2 - 3*v + 26*v**2 + 33*v**2. What is a(-2)?
1
Suppose -3*g = -111 + 18. Let u(f) = 32 - g - f**2 - 3*f**3 + 0*f**2. Let j be 5/(-3) - (-6)/9. Determine u(j).
3
Let u(t) be the first derivative of t**3/3 + 2*t**2 + 1. Let n be (-12)/(-9) + (-4)/(-6). Suppose 4*w - n = -22. What is u(w)?
5
Let t(j) = -2*j - 5 - j**3 + 11*j - 8*j. Determine t(0).
-5
Let k(l) = -l**2 + 5*l - 5. Let n = 18 + -14. What is k(n)?
-1
Let p be (-3 - 0)*((-320)/12)/(-8). Let q(l) = -l**3 - 9*l**2 + 8*l - 13. Calculate q(p).
7
Let x(t) = 2*t - 1. Let h(m) = -m + 2. Let n be h(1). Suppose 5*d = 6 - n. Let f be 1/(2/8)*d. What is x(f)?
7
Let x(c) = -2*c**2 + 2*c + 1. Let s be x(0). Let r(y) be the first derivative of 9*y**2/2 + y + 1. What is r(s)?
10
Suppose 3*h + 2*h = -20. Let c(k) = -11*k. Let p(s) = -